me factors of 12196.
2, 3049
What are the prime factors of 15693?
3, 5231
List the prime factors of 27266.
2, 13633
What are the prime factors of 161577?
3, 13, 1381
What are the prime factors of 802?
2, 401
What are the prime factors of 11977?
7, 29, 59
List the prime factors of 1658.
2, 829
List the prime factors of 112992.
2, 3, 11, 107
What are the prime factors of 3655?
5, 17, 43
List the prime factors of 7872.
2, 3, 41
What are the prime factors of 813?
3, 271
What are the prime factors of 739?
739
What are the prime factors of 925?
5, 37
List the prime factors of 5265.
3, 5, 13
List the prime factors of 1010.
2, 5, 101
List the prime factors of 535.
5, 107
What are the prime factors of 4006?
2, 2003
List the prime factors of 865.
5, 173
What are the prime factors of 126148?
2, 11, 47, 61
What are the prime factors of 31897?
167, 191
What are the prime factors of 5571?
3, 619
List the prime factors of 29601.
3, 11, 13, 23
What are the prime factors of 13519?
11, 1229
List the prime factors of 1120.
2, 5, 7
List the prime factors of 20218.
2, 11, 919
List the prime factors of 378.
2, 3, 7
What are the prime factors of 7232?
2, 113
What are the prime factors of 6022?
2, 3011
List the prime factors of 2503.
2503
List the prime factors of 597.
3, 199
List the prime factors of 3257.
3257
List the prime factors of 612.
2, 3, 17
What are the prime factors of 48079?
48079
List the prime factors of 54143.
29, 1867
What are the prime factors of 145165?
5, 29033
What are the prime factors of 38016?
2, 3, 11
What are the prime factors of 9557?
19, 503
What are the prime factors of 2924?
2, 17, 43
What are the prime factors of 31612?
2, 7, 1129
List the prime factors of 18696.
2, 3, 19, 41
List the prime factors of 122135.
5, 13, 1879
What are the prime factors of 222?
2, 3, 37
What are the prime factors of 2482?
2, 17, 73
What are the prime factors of 6569?
6569
List the prime factors of 11553.
3, 3851
What are the prime factors of 955?
5, 191
What are the prime factors of 200?
2, 5
List the prime factors of 16728.
2, 3, 17, 41
List the prime factors of 26649.
3, 7, 47
List the prime factors of 20971.
67, 313
What are the prime factors of 9909?
3, 367
What are the prime factors of 413?
7, 59
What are the prime factors of 5087?
5087
What are the prime factors of 14676?
2, 3, 1223
What are the prime factors of 35071?
17, 2063
List the prime factors of 3349.
17, 197
List the prime factors of 4390.
2, 5, 439
List the prime factors of 1157.
13, 89
What are the prime factors of 48386?
2, 13, 1861
List the prime factors of 16524.
2, 3, 17
List the prime factors of 33193.
19, 1747
List the prime factors of 10006.
2, 5003
What are the prime factors of 13813?
19, 727
What are the prime factors of 9179?
67, 137
What are the prime factors of 359?
359
What are the prime factors of 319?
11, 29
What are the prime factors of 2194?
2, 1097
List the prime factors of 1686.
2, 3, 281
List the prime factors of 3943.
3943
What are the prime factors of 3592?
2, 449
What are the prime factors of 9274?
2, 4637
List the prime factors of 13280.
2, 5, 83
List the prime factors of 21922.
2, 97, 113
What are the prime factors of 1485?
3, 5, 11
List the prime factors of 6740.
2, 5, 337
What are the prime factors of 124?
2, 31
List the prime factors of 1337.
7, 191
What are the prime factors of 3149?
47, 67
What are the prime factors of 186218?
2, 17, 5477
What are the prime factors of 2295?
3, 5, 17
List the prime factors of 181.
181
List the prime factors of 2500.
2, 5
What are the prime factors of 9646?
2, 7, 13, 53
List the prime factors of 88.
2, 11
List the prime factors of 4698.
2, 3, 29
What are the prime factors of 192?
2, 3
What are the prime factors of 18404?
2, 43, 107
List the prime factors of 487.
487
What are the prime factors of 897?
3, 13, 23
List the prime factors of 29961.
3, 3329
List the prime factors of 863.
863
What are the prime factors of 1386?
2, 3, 7, 11
What are the prime factors of 4171?
43, 97
List the prime factors of 24060.
2, 3, 5, 401
What are the prime factors of 7893?
3, 877
List the prime factors of 1100.
2, 5, 11
List the prime factors of 17779.
23, 773
What are the prime factors of 5470?
2, 5, 547
What are the prime factors of 12460?
2, 5, 7, 89
List the prime factors of 2894.
2, 1447
What are the prime factors of 8328?
2, 3, 347
What are the prime factors of 47343?
3, 43, 367
What are the prime factors of 5912?
2, 739
What are the prime factors of 1857?
3, 619
What are the prime factors of 3695?
5, 739
List the prime factors of 512.
2
List the prime factors of 460.
2, 5, 23
What are the prime factors of 969?
3, 17, 19
What are the prime factors of 25296?
2, 3, 17, 31
List the prime factors of 62025.
3, 5, 827
What are the prime factors of 54664?
2, 6833
List the prime factors of 43385.
5, 8677
What are the prime factors of 11336?
2, 13, 109
What are the prime factors of 51854?
2, 11, 2357
What are the prime factors of 72776?
2, 11, 827
List the prime factors of 189.
3, 7
List the prime factors of 3818.
2, 23, 83
What are the prime factors of 1798?
2, 29, 31
What are the prime factors of 9386?
2, 13, 19
List the prime factors of 5352.
2, 3, 223
What are the prime factors of 2164?
2, 541
List the prime factors of 2295.
3, 5, 17
List the prime factors of 685.
5, 137
What are the prime factors of 49149?
3, 43, 127
What are the prime factors of 1242?
2, 3, 23
What are the prime factors of 2308?
2, 577
What are the prime factors of 5877?
3, 653
List the prime factors of 8815.
5, 41, 43
What are the prime factors of 2093?
7, 13, 23
List the prime factors of 2652.
2, 3, 13, 17
List the prime factors of 756.
2, 3, 7
List the prime factors of 108299.
37, 2927
What are the prime factors of 911?
911
What are the prime factors of 910?
2, 5, 7, 13
What are the prime factors of 1512?
2, 3, 7
List the prime factors of 5585.
5, 1117
What are the prime factors of 430?
2, 5, 43
List the prime factors of 20898.
2, 3, 43
List the prime factors of 5997.
3, 1999
What are the prime factors of 602?
2, 7, 43
List the prime factors of 3602.
2, 1801
What are the prime factors of 18573?
3, 41, 151
What are the prime factors of 778?
2, 389
List the prime factors of 688.
2, 43
What are the prime factors of 9628?
2, 29, 83
What are the prime factors of 27?
3
What are the prime factors of 898?
2, 449
What are the prime factors of 2826?
2, 3, 157
What are the prime factors of 68707?
127, 541
What are the prime factors of 4456?
2, 557
What are the prime factors of 12108?
2, 3, 1009
What are the prime factors of 15763?
11, 1433
What are the prime factors of 139?
139
List the prime factors of 1010.
2, 5, 101
List the prime factors of 1208.
2, 151
List the prime factors of 80328.
2, 3, 3347
What are the prime factors of 1359?
3, 151
What are the prime factors of 6043?
6043
List the prime factors of 4594.
2, 2297
What are the prime factors of 744?
2, 3, 31
What are the prime factors of 1401?
3, 467
What are the prime factors of 1765?
5, 353
List the prime factors of 11819.
53, 223
What are the prime factors of 45536?
2, 1423
What are the prime factors of 6005?
5, 1201
List the prime factors of 12029.
23, 523
List the prime factors of 5185.
5, 17, 61
List the prime factors of 8468.
2, 29, 73
List the prime factors of 2243.
2243
List the prime factors of 17573.
17573
List the prime factors of 816.
2, 3, 17
List the prime factors of 28436.
2, 7109
List the prime factors of 236.
2, 59
What are the prime factors of 34819?
34819
List the prime factors of 559.
13, 43
List the prime factors of 10924.
2, 2731
List the prime factors of 2429.
7, 347
What are the prime factors of 1954?
2, 977
List the prime factors of 6805.
5, 1361
What are the prime factors of 1614?
2, 3, 269
What are the prime factors of 593?
593
List the prime factors of 2313.
3, 257
What are the prime factors of 4534?
2, 2267
List the prime factors of 1502.
2, 751
What are the prime factors of 1581?
3, 17, 31
List the prime factors of 13175.
5, 17, 31
List the prime factors of 4428.
2, 3, 41
What are the prime factors of 125376?
2, 3, 653
List the prime factors of 25033.
25033
List the prime factors of 86895.
3, 5, 1931
What are the prime factors of 141?
3, 47
List the prime factors of 795.
3, 5, 53
List the prime f